{"id":1079,"date":"2022-07-18T16:17:46","date_gmt":"2022-07-18T14:17:46","guid":{"rendered":"https:\/\/www.dieselskandal-wohnmobil.eu\/?page_id=1079"},"modified":"2025-09-12T15:03:11","modified_gmt":"2025-09-12T13:03:11","slug":"wer-sind-wir","status":"publish","type":"page","link":"https:\/\/www.reifenkartell-schadenersatz.eu\/index.php\/wer-sind-wir\/","title":{"rendered":"WER SIND WIR"},"content":{"rendered":"<div class=\"fusion-fullwidth fullwidth-box fusion-builder-row-1 fusion-flex-container nonhundred-percent-fullwidth non-hundred-percent-height-scrolling\" style=\"--awb-border-radius-top-left:0px;--awb-border-radius-top-right:0px;--awb-border-radius-bottom-right:0px;--awb-border-radius-bottom-left:0px;--awb-flex-wrap:wrap;\" ><div class=\"fusion-builder-row fusion-row fusion-flex-align-items-flex-start fusion-flex-content-wrap\" style=\"max-width:1144px;margin-left: calc(-4% \/ 2 );margin-right: calc(-4% \/ 2 );\"><div class=\"fusion-layout-column fusion_builder_column fusion-builder-column-0 fusion_builder_column_2_3 2_3 fusion-flex-column\" style=\"--awb-bg-size:cover;--awb-width-large:66.666666666667%;--awb-margin-top-large:0px;--awb-spacing-right-large:2.88%;--awb-margin-bottom-large:20px;--awb-spacing-left-large:2.88%;--awb-width-medium:100%;--awb-order-medium:0;--awb-spacing-right-medium:1.92%;--awb-spacing-left-medium:1.92%;--awb-width-small:100%;--awb-order-small:0;--awb-spacing-right-small:1.92%;--awb-spacing-left-small:1.92%;\"><div class=\"fusion-column-wrapper fusion-column-has-shadow fusion-flex-justify-content-flex-start fusion-content-layout-column\"><div class=\"fusion-separator fusion-full-width-sep\" style=\"align-self: center;margin-left: auto;margin-right: auto;width:100%;\"><\/div><div class=\"fusion-text fusion-text-1\"><h3>Best Speakers Cartel Consulting<\/h3>\n<h3>Wer sind wir?<\/h3>\n<p>Die Cartel Consulting betreut seit vielen Jahren Kunden in mehreren europ\u00e4ischen L\u00e4ndern, wie Deutschland, \u00d6sterreich, Italien, Niederlande, Polen, Tschechien, Ungarn, Slowakei und Litauen. Dabei verhelfen wir unseren Auftraggebern bei der Durchsetzung von kartellrechtlichen Schadenersatzanspr\u00fcchen.<\/p>\n<p>Wir sind u.a. im Bereich LKW Kartell, Reifenkartell, sowie Diesel-Abgasskandal und Maut-R\u00fcckerstattung f\u00fcr unsere Auftraggeber t\u00e4tig. Unser aktuelles Thema sind Schadenersatzanspr\u00fcche unserer Kunden aus den illegalen Preisabsprachen der Reifen-Hersteller zwischen 2016 und 2024.<\/p>\n<p>Zusammen mit unseren langj\u00e4hrigen Partnern, renommierten und erfahrenen Anwaltskanzleien sowie finanzstarken Prozesskostenfinanzierern, setzen wir uns daf\u00fcr ein, dass unsere Klienten den ihnen zustehenden Schadensersatz bekommen.<\/p>\n<p>Um die Anspr\u00fcche unserer Auftraggeber mit besten Erfolgsaussichten durchzusetzen, arbeiten wir mit Kanzleien zusammen, die auf dem Gebiet des Kartellrechts und des Verbraucherschutzes federf\u00fchrend sind. Dabei \u00fcbernehmen namhafte Prozessfinanzierer f\u00fcr unsere Auftraggeber s\u00e4mtliche Kosten im Zusammenhang mit der gerichtlichen Durchsetzung, von Gerichtskosten, Verfahrensgeb\u00fchren bis zu Expertengutachten und tragen das volle finanzielle Risiko. Im Erfolgsfall erhalten wir einen Anteil am erstrittenen Betrag.<\/p>\n<p>Diese kompetenten und finanzstarken Partner sind ein wesentlicher Erfolgsbaustein und garantieren eine fundierte und erfolgreiche Vertretung der Anspr\u00fcche unserer Klienten..<\/p>\n<\/div><\/div><\/div><div class=\"fusion-layout-column fusion_builder_column fusion-builder-column-1 fusion_builder_column_1_3 1_3 fusion-flex-column\" style=\"--awb-bg-size:cover;--awb-width-large:33.333333333333%;--awb-margin-top-large:0px;--awb-spacing-right-large:5.76%;--awb-margin-bottom-large:20px;--awb-spacing-left-large:5.76%;--awb-width-medium:100%;--awb-order-medium:0;--awb-spacing-right-medium:1.92%;--awb-spacing-left-medium:1.92%;--awb-width-small:100%;--awb-order-small:0;--awb-spacing-right-small:1.92%;--awb-spacing-left-small:1.92%;\"><div class=\"fusion-column-wrapper fusion-column-has-shadow fusion-flex-justify-content-flex-start fusion-content-layout-column\"><div class=\"fusion-separator fusion-full-width-sep\" style=\"align-self: center;margin-left: auto;margin-right: auto;margin-top:35px;margin-bottom:50px;width:100%;\"><\/div><div class=\"fusion-image-element \" style=\"--awb-caption-title-font-family:var(--h2_typography-font-family);--awb-caption-title-font-weight:var(--h2_typography-font-weight);--awb-caption-title-font-style:var(--h2_typography-font-style);--awb-caption-title-size:var(--h2_typography-font-size);--awb-caption-title-transform:var(--h2_typography-text-transform);--awb-caption-title-line-height:var(--h2_typography-line-height);--awb-caption-title-letter-spacing:var(--h2_typography-letter-spacing);\"><span class=\" fusion-imageframe imageframe-none imageframe-1 hover-type-none\"><img decoding=\"async\" width=\"300\" height=\"253\" title=\"Reifenkartell-Schaden\" src=\"https:\/\/www.reifenkartell-schadenersatz.eu\/wp-content\/uploads\/2022\/03\/paragraph-g2ce76f881_1920-2.jpg\" data-orig-src=\"https:\/\/www.reifenkartell-schadenersatz.eu\/wp-content\/uploads\/2022\/03\/paragraph-g2ce76f881_1920-2-300x253.jpg\" alt class=\"lazyload img-responsive wp-image-853\" srcset=\"data:image\/svg+xml,%3Csvg%20xmlns%3D%27http%3A%2F%2Fwww.w3.org%2F2000%2Fsvg%27%20width%3D%27933%27%20height%3D%27787%27%20viewBox%3D%270%200%20933%20787%27%3E%3Crect%20width%3D%27933%27%20height%3D%27787%27%20fill-opacity%3D%220%22%2F%3E%3C%2Fsvg%3E\" data-srcset=\"https:\/\/www.reifenkartell-schadenersatz.eu\/wp-content\/uploads\/2022\/03\/paragraph-g2ce76f881_1920-2-200x169.jpg 200w, https:\/\/www.reifenkartell-schadenersatz.eu\/wp-content\/uploads\/2022\/03\/paragraph-g2ce76f881_1920-2-400x337.jpg 400w, https:\/\/www.reifenkartell-schadenersatz.eu\/wp-content\/uploads\/2022\/03\/paragraph-g2ce76f881_1920-2-600x506.jpg 600w, https:\/\/www.reifenkartell-schadenersatz.eu\/wp-content\/uploads\/2022\/03\/paragraph-g2ce76f881_1920-2-800x675.jpg 800w, https:\/\/www.reifenkartell-schadenersatz.eu\/wp-content\/uploads\/2022\/03\/paragraph-g2ce76f881_1920-2.jpg 933w\" data-sizes=\"auto\" data-orig-sizes=\"(max-width: 1280px) 100vw, (max-width: 1024px) 100vw, 400px\" \/><\/span><\/div><\/div><\/div><div class=\"fusion-layout-column fusion_builder_column fusion-builder-column-2 fusion_builder_column_2_3 2_3 fusion-flex-column\" style=\"--awb-bg-size:cover;--awb-width-large:66.666666666667%;--awb-margin-top-large:0px;--awb-spacing-right-large:2.88%;--awb-margin-bottom-large:20px;--awb-spacing-left-large:2.88%;--awb-width-medium:100%;--awb-order-medium:0;--awb-spacing-right-medium:1.92%;--awb-spacing-left-medium:1.92%;--awb-width-small:100%;--awb-order-small:0;--awb-spacing-right-small:1.92%;--awb-spacing-left-small:1.92%;\"><div class=\"fusion-column-wrapper fusion-column-has-shadow fusion-flex-justify-content-flex-start fusion-content-layout-column\"><div class=\"fusion-text fusion-text-2\"><h3>Unsere Garantie f\u00fcr Ihren Erfolg:<\/h3>\n<p>Wir unterst\u00fctzen die Auftraggeber bei der Zusammenstellung der n\u00f6tigen Nachweise und bleiben w\u00e4hrend des gesamten Verfahrens kompetenter und verl\u00e4sslicher Ansprechpartner.<br \/>\n&#8211; 100 % Risiko\u00fcbernahme<br \/>\n&#8211; 100 % Kosten\u00fcbernahme der gerichtlichen Durchsetzung &#8211; Gerichtskosten, Verfahrensgeb\u00fchrenm Expertengutachten<br \/>\n&#8211; Keine Vorkosten \/ keine Bearbeitungsgeb\u00fchren<br \/>\n&#8211; Spezialisierte Anw\u00e4lte zu den Rechtsgebieten<\/p>\n<\/div><\/div><\/div><div class=\"fusion-layout-column fusion_builder_column fusion-builder-column-3 fusion_builder_column_1_3 1_3 fusion-flex-column\" style=\"--awb-bg-size:cover;--awb-width-large:33.333333333333%;--awb-margin-top-large:0px;--awb-spacing-right-large:5.76%;--awb-margin-bottom-large:20px;--awb-spacing-left-large:5.76%;--awb-width-medium:100%;--awb-order-medium:0;--awb-spacing-right-medium:1.92%;--awb-spacing-left-medium:1.92%;--awb-width-small:100%;--awb-order-small:0;--awb-spacing-right-small:1.92%;--awb-spacing-left-small:1.92%;\"><div class=\"fusion-column-wrapper fusion-column-has-shadow fusion-flex-justify-content-flex-start fusion-content-layout-column\"><div class=\"fusion-separator fusion-full-width-sep\" style=\"align-self: center;margin-left: auto;margin-right: auto;margin-top:35px;margin-bottom:50px;width:100%;\"><\/div><div class=\"fusion-image-element \" style=\"--awb-caption-title-font-family:var(--h2_typography-font-family);--awb-caption-title-font-weight:var(--h2_typography-font-weight);--awb-caption-title-font-style:var(--h2_typography-font-style);--awb-caption-title-size:var(--h2_typography-font-size);--awb-caption-title-transform:var(--h2_typography-text-transform);--awb-caption-title-line-height:var(--h2_typography-line-height);--awb-caption-title-letter-spacing:var(--h2_typography-letter-spacing);\"><span class=\" fusion-imageframe imageframe-none imageframe-2 hover-type-none\"><img decoding=\"async\" width=\"300\" height=\"200\" title=\"kfz_leasing_finanzierung_verbraucherrecht_BestSpeakers_consulting\" src=\"https:\/\/www.reifenkartell-schadenersatz.eu\/wp-content\/uploads\/2022\/03\/kfz_leasing_finanzierung_verbraucherrecht_BestSpeakers_consulting.jpg\" data-orig-src=\"https:\/\/www.reifenkartell-schadenersatz.eu\/wp-content\/uploads\/2022\/03\/kfz_leasing_finanzierung_verbraucherrecht_BestSpeakers_consulting-300x200.jpg\" alt class=\"lazyload img-responsive wp-image-869\" srcset=\"data:image\/svg+xml,%3Csvg%20xmlns%3D%27http%3A%2F%2Fwww.w3.org%2F2000%2Fsvg%27%20width%3D%27800%27%20height%3D%27533%27%20viewBox%3D%270%200%20800%20533%27%3E%3Crect%20width%3D%27800%27%20height%3D%27533%27%20fill-opacity%3D%220%22%2F%3E%3C%2Fsvg%3E\" data-srcset=\"https:\/\/www.reifenkartell-schadenersatz.eu\/wp-content\/uploads\/2022\/03\/kfz_leasing_finanzierung_verbraucherrecht_BestSpeakers_consulting-200x133.jpg 200w, https:\/\/www.reifenkartell-schadenersatz.eu\/wp-content\/uploads\/2022\/03\/kfz_leasing_finanzierung_verbraucherrecht_BestSpeakers_consulting-400x267.jpg 400w, https:\/\/www.reifenkartell-schadenersatz.eu\/wp-content\/uploads\/2022\/03\/kfz_leasing_finanzierung_verbraucherrecht_BestSpeakers_consulting-600x400.jpg 600w, https:\/\/www.reifenkartell-schadenersatz.eu\/wp-content\/uploads\/2022\/03\/kfz_leasing_finanzierung_verbraucherrecht_BestSpeakers_consulting.jpg 800w\" data-sizes=\"auto\" data-orig-sizes=\"(max-width: 1280px) 100vw, (max-width: 1024px) 100vw, 400px\" \/><\/span><\/div><\/div><\/div><\/div><\/div>\n","protected":false},"excerpt":{"rendered":"","protected":false},"author":1,"featured_media":0,"parent":0,"menu_order":0,"comment_status":"closed","ping_status":"closed","template":"","meta":{"footnotes":""},"class_list":["post-1079","page","type-page","status-publish","hentry"],"yoast_head":"<!-- This site is optimized with the Yoast SEO plugin v27.2 - https:\/\/yoast.com\/product\/yoast-seo-wordpress\/ -->\n<title>WER SIND WIR - Reifenkartell Schadenersatz<\/title>\n<meta name=\"description\" content=\"Als Dienstleister verhelfen wir mit starken Partnern, betroffenen Unternehmen bei der Durchsetzung von kartellrechtlichen Schadenersatzanspr\u00fcchen.\" \/>\n<meta name=\"robots\" content=\"index, follow, max-snippet:-1, max-image-preview:large, max-video-preview:-1\" \/>\n<link rel=\"canonical\" href=\"https:\/\/www.reifenkartell-schadenersatz.eu\/index.php\/wer-sind-wir\/\" \/>\n<meta property=\"og:locale\" content=\"de_DE\" \/>\n<meta property=\"og:type\" content=\"article\" \/>\n<meta property=\"og:title\" content=\"WER SIND WIR - Reifenkartell Schadenersatz\" \/>\n<meta property=\"og:description\" content=\"Als Dienstleister verhelfen wir mit starken Partnern, betroffenen Unternehmen bei der Durchsetzung von kartellrechtlichen Schadenersatzanspr\u00fcchen.\" \/>\n<meta property=\"og:url\" content=\"https:\/\/www.reifenkartell-schadenersatz.eu\/index.php\/wer-sind-wir\/\" \/>\n<meta property=\"og:site_name\" content=\"Reifenkartell Schadenersatz\" \/>\n<meta property=\"article:modified_time\" content=\"2025-09-12T13:03:11+00:00\" \/>\n<meta name=\"twitter:card\" content=\"summary_large_image\" \/>\n<meta name=\"twitter:label1\" content=\"Gesch\u00e4tzte Lesezeit\" \/>\n\t<meta name=\"twitter:data1\" content=\"2\u00a0Minuten\" \/>\n<script type=\"application\/ld+json\" class=\"yoast-schema-graph\">{\"@context\":\"https:\/\/schema.org\",\"@graph\":[{\"@type\":\"WebPage\",\"@id\":\"https:\/\/www.reifenkartell-schadenersatz.eu\/index.php\/wer-sind-wir\/\",\"url\":\"https:\/\/www.reifenkartell-schadenersatz.eu\/index.php\/wer-sind-wir\/\",\"name\":\"WER SIND WIR - Reifenkartell Schadenersatz\",\"isPartOf\":{\"@id\":\"https:\/\/www.reifenkartell-schadenersatz.eu\/#website\"},\"datePublished\":\"2022-07-18T14:17:46+00:00\",\"dateModified\":\"2025-09-12T13:03:11+00:00\",\"description\":\"Als Dienstleister verhelfen wir mit starken Partnern, betroffenen Unternehmen bei der Durchsetzung von kartellrechtlichen Schadenersatzanspr\u00fcchen.\",\"breadcrumb\":{\"@id\":\"https:\/\/www.reifenkartell-schadenersatz.eu\/index.php\/wer-sind-wir\/#breadcrumb\"},\"inLanguage\":\"de\",\"potentialAction\":[{\"@type\":\"ReadAction\",\"target\":[\"https:\/\/www.reifenkartell-schadenersatz.eu\/index.php\/wer-sind-wir\/\"]}]},{\"@type\":\"BreadcrumbList\",\"@id\":\"https:\/\/www.reifenkartell-schadenersatz.eu\/index.php\/wer-sind-wir\/#breadcrumb\",\"itemListElement\":[{\"@type\":\"ListItem\",\"position\":1,\"name\":\"Home\",\"item\":\"https:\/\/www.reifenkartell-schadenersatz.eu\/\"},{\"@type\":\"ListItem\",\"position\":2,\"name\":\"WER SIND WIR\"}]},{\"@type\":\"WebSite\",\"@id\":\"https:\/\/www.reifenkartell-schadenersatz.eu\/#website\",\"url\":\"https:\/\/www.reifenkartell-schadenersatz.eu\/\",\"name\":\"Reifenkartell Schadenersatz\",\"description\":\"Durchsetzung von kartellrechtlichen Schadenersatzanspr\u00fcchen\",\"potentialAction\":[{\"@type\":\"SearchAction\",\"target\":{\"@type\":\"EntryPoint\",\"urlTemplate\":\"https:\/\/www.reifenkartell-schadenersatz.eu\/?s={search_term_string}\"},\"query-input\":{\"@type\":\"PropertyValueSpecification\",\"valueRequired\":true,\"valueName\":\"search_term_string\"}}],\"inLanguage\":\"de\"}]}<\/script>\n<!-- \/ Yoast SEO plugin. -->","yoast_head_json":{"title":"WER SIND WIR - Reifenkartell Schadenersatz","description":"Als Dienstleister verhelfen wir mit starken Partnern, betroffenen Unternehmen bei der Durchsetzung von kartellrechtlichen Schadenersatzanspr\u00fcchen.","robots":{"index":"index","follow":"follow","max-snippet":"max-snippet:-1","max-image-preview":"max-image-preview:large","max-video-preview":"max-video-preview:-1"},"canonical":"https:\/\/www.reifenkartell-schadenersatz.eu\/index.php\/wer-sind-wir\/","og_locale":"de_DE","og_type":"article","og_title":"WER SIND WIR - Reifenkartell Schadenersatz","og_description":"Als Dienstleister verhelfen wir mit starken Partnern, betroffenen Unternehmen bei der Durchsetzung von kartellrechtlichen Schadenersatzanspr\u00fcchen.","og_url":"https:\/\/www.reifenkartell-schadenersatz.eu\/index.php\/wer-sind-wir\/","og_site_name":"Reifenkartell Schadenersatz","article_modified_time":"2025-09-12T13:03:11+00:00","twitter_card":"summary_large_image","twitter_misc":{"Gesch\u00e4tzte Lesezeit":"2\u00a0Minuten"},"schema":{"@context":"https:\/\/schema.org","@graph":[{"@type":"WebPage","@id":"https:\/\/www.reifenkartell-schadenersatz.eu\/index.php\/wer-sind-wir\/","url":"https:\/\/www.reifenkartell-schadenersatz.eu\/index.php\/wer-sind-wir\/","name":"WER SIND WIR - Reifenkartell Schadenersatz","isPartOf":{"@id":"https:\/\/www.reifenkartell-schadenersatz.eu\/#website"},"datePublished":"2022-07-18T14:17:46+00:00","dateModified":"2025-09-12T13:03:11+00:00","description":"Als Dienstleister verhelfen wir mit starken Partnern, betroffenen Unternehmen bei der Durchsetzung von kartellrechtlichen Schadenersatzanspr\u00fcchen.","breadcrumb":{"@id":"https:\/\/www.reifenkartell-schadenersatz.eu\/index.php\/wer-sind-wir\/#breadcrumb"},"inLanguage":"de","potentialAction":[{"@type":"ReadAction","target":["https:\/\/www.reifenkartell-schadenersatz.eu\/index.php\/wer-sind-wir\/"]}]},{"@type":"BreadcrumbList","@id":"https:\/\/www.reifenkartell-schadenersatz.eu\/index.php\/wer-sind-wir\/#breadcrumb","itemListElement":[{"@type":"ListItem","position":1,"name":"Home","item":"https:\/\/www.reifenkartell-schadenersatz.eu\/"},{"@type":"ListItem","position":2,"name":"WER SIND WIR"}]},{"@type":"WebSite","@id":"https:\/\/www.reifenkartell-schadenersatz.eu\/#website","url":"https:\/\/www.reifenkartell-schadenersatz.eu\/","name":"Reifenkartell Schadenersatz","description":"Durchsetzung von kartellrechtlichen Schadenersatzanspr\u00fcchen","potentialAction":[{"@type":"SearchAction","target":{"@type":"EntryPoint","urlTemplate":"https:\/\/www.reifenkartell-schadenersatz.eu\/?s={search_term_string}"},"query-input":{"@type":"PropertyValueSpecification","valueRequired":true,"valueName":"search_term_string"}}],"inLanguage":"de"}]}},"_links":{"self":[{"href":"https:\/\/www.reifenkartell-schadenersatz.eu\/index.php\/wp-json\/wp\/v2\/pages\/1079","targetHints":{"allow":["GET"]}}],"collection":[{"href":"https:\/\/www.reifenkartell-schadenersatz.eu\/index.php\/wp-json\/wp\/v2\/pages"}],"about":[{"href":"https:\/\/www.reifenkartell-schadenersatz.eu\/index.php\/wp-json\/wp\/v2\/types\/page"}],"author":[{"embeddable":true,"href":"https:\/\/www.reifenkartell-schadenersatz.eu\/index.php\/wp-json\/wp\/v2\/users\/1"}],"replies":[{"embeddable":true,"href":"https:\/\/www.reifenkartell-schadenersatz.eu\/index.php\/wp-json\/wp\/v2\/comments?post=1079"}],"version-history":[{"count":12,"href":"https:\/\/www.reifenkartell-schadenersatz.eu\/index.php\/wp-json\/wp\/v2\/pages\/1079\/revisions"}],"predecessor-version":[{"id":1271,"href":"https:\/\/www.reifenkartell-schadenersatz.eu\/index.php\/wp-json\/wp\/v2\/pages\/1079\/revisions\/1271"}],"wp:attachment":[{"href":"https:\/\/www.reifenkartell-schadenersatz.eu\/index.php\/wp-json\/wp\/v2\/media?parent=1079"}],"curies":[{"name":"wp","href":"https:\/\/api.w.org\/{rel}","templated":true}]}}